g). Give p(1).
-3
Suppose -2*v - 3*f = -9, -v - 5*f = -2*v + 24. Let c be (-2)/v - 22/(-99). Let m(t) = 3*t**2 - t**2 + c - 1. Give m(2).
7
Suppose -2*h - 3*m = -90, -h + 21 = -3*m - 15. Suppose -12 = 5*j - h. Let o(i) = 3*i - 14. Let k be o(j). Let z(w) = -w + 9. What is z(k)?
5
Let r(g) = g**2 - 17*g + 46. Let y be r(14). Let k(t) = t**2 - 3*t. Determine k(y).
4
Suppose 0 = p - 2. Let j(t) be the first derivative of 4*t**3/3 - 3*t**2/2 + 2*t - 117. Determine j(p).
12
Let u(b) = 0 + 3*b - b**2 + 1 + 7*b**2 - 7*b**2. Calculate u(2).
3
Let d(g) = 377*g - 380*g - 2 - 1. Calculate d(-3).
6
Let d(y) be the second derivative of y**3 + 6*y**2 + 51*y - 2. Give d(-6).
-24
Let w(a) = a**2 - 15*a + 10. Suppose -7 - 35 = -3*h. Determine w(h).
-4
Let y(x) = -4*x**2 - 19*x - 75. Let g(l) = -l**2 - 4*l - 17. Let z(p) = 9*g(p) - 2*y(p). Suppose 0 = 4*j - j - 9. Give z(j).
-6
Suppose -57*v + 54*v + 12 = 0. Suppose -b = v*b - 25. Let q(a) = -2*a + 4. Give q(b).
-6
Let b = 198 + -197. Let s(x) = 3*x**2 + 2*x - 2. Give s(b).
3
Let z(q) = q**2 - 6*q - 3. Let y(n) = -5 - 16*n + 6*n**2 - 4*n**2 + 3*n. Let b(s) = -3*y(s) + 5*z(s). Calculate b(6).
18
Let t = -38 + 40. Let m(r) = -4 - 1 + 1 - 4*r + t. What is m(-3)?
10
Suppose 3*s - 31 = -5*u, -15 = -s - 3*u + 2. Suppose 13*v - 6*v - 154 = 0. Let m(d) = 20*d + 3 - v*d - 1. What is m(s)?
-2
Let h(z) be the third derivative of 5/6*z**3 + 0 + 3*z**2 - 1/4*z**4 + 1/60*z**5 + 0*z. Suppose 14*i - 4 = 13*i. Give h(i).
-3
Let f(y) = -7*y**2 + y - 14. Let b(w) = 17*w**2 - 4*w + 31. Let p(v) = 9*v**2 - 2*v + 16. Let c(n) = -3*b(n) + 5*p(n). Let k(m) = -6*c(m) + 5*f(m). Give k(7).
8
Let f = -17 + 24. Let m be f + (-2 - (4 - 3)). Let x be (-7)/(-14) + (-14)/m. Let u(k) = -k - 4. Give u(x).
-1
Let p be (-12)/(1 - 1/(-2)). Let k(n) = 4*n - 53. Let c(i) = -i + 12. Let o(r) = -5*c(r) - k(r). What is o(p)?
-15
Let v = 74 + -72. Let g(f) = -2*f**2 + v*f - 1 + 4*f**2 + 0 + f**2. Give g(1).
4
Let v(x) = -x**2 + 14*x - 11. Suppose 2*z - 32 = -4*c, -55*c + 56*c = 1. Calculate v(z).
-11
Let f be ((-15)/(-6))/((-3)/12). Let u(h) = -2*h - 14. Let o be u(f). Let a(z) be the second derivative of -z**4/12 + 4*z**3/3 - 7*z**2/2 + z. Calculate a(o).
5
Let i(m) = -2*m**2 - 1. Suppose -2*v + 0 + 12 = 0. Suppose 0 = -0*a + 4*a - 3*w - 34, -32 = -4*a + 2*w. Let x = v - a. Calculate i(x).
-3
Let l(q) = -6*q + 5. Let b(u) = 4*u - 3. Let p(w) = 7*b(w) + 4*l(w). Let o(d) = -d**3 - 3*d**2 + 2*d + 3. Let s be o(-4). Let x = s - 12. What is p(x)?
-5
Let k(q) = 3*q**3 + 10*q**2 - q - 9. Let t(c) = 4*c**3 + 11*c**2 - c - 10. Let a(w) = 6*k(w) - 5*t(w). Let n be 3 - (2 - 3/(6/4)). Determine a(n).
-16
Suppose -n - 2 = -3*a - 0, -20 = -4*a - 3*n. Let h(q) = 2*q + 3 + 35*q**2 + 3 - 2 - 36*q**a. Let w = 3 - 0. Determine h(w).
1
Suppose -2 - 4 = m. Suppose 0 = 27*y - 24*y - 3. Let k be (5 + y)/(9/m). Let t(x) = -x**3 - 3*x**2 + 5*x + 3. Determine t(k).
-1
Let q(u) be the third derivative of 0*u + 0*u**3 - 8*u**2 - 5/24*u**4 + 0. Give q(-1).
5
Let s(n) = 33*n + 144. Let h be s(-4). Let u(a) = a - 17. Determine u(h).
-5
Let w(f) = 5*f**2 - f - 17. Let p(k) = -16*k**2 + 4*k + 53. Let g(n) = 6*p(n) + 19*w(n). Suppose 0 = i - 5*i + 20. What is g(i)?
-5
Let d(c) = c**3 + c**2 - c + 2. Let n(j) = j**3 + 5*j**2 + 3*j - 6. Let g be n(-4). What is d(g)?
0
Let k(a) = a - 23. Let w(i) = i**3 - 15*i**2 - 20*i + 77. Let g be w(16). Calculate k(g).
-10
Suppose -z + 24 = 3*z. Let w = z + -2. Let x(a) = -3*a. What is x(w)?
-12
Let h(t) = -5*t**2 - 1. Suppose -10*i = -7*i - 7*f - 3, -4 = -4*i + 3*f. What is h(i)?
-6
Let v(s) = 7*s - 3*s - 4 + 2 - 2*s**2. Let w(t) = 94*t**2 + 1035*t + 15. Let f be w(-11). Determine v(f).
-18
Let a = 249 + -253. Let z(v) = v**2 + 6*v + 8. What is z(a)?
0
Let k(y) = -14 + 10 + 3*y - 2*y. Let f = -8 - -17. Let x be k(f). Let g(a) = a**2 - 3*a - 5. Determine g(x).
5
Let g = 35 + -30. Let x(y) = -g*y + 7*y**2 - 4 - y - 2*y**2 - 6*y**2. What is x(-3)?
5
Let y(v) be the third derivative of 0*v + 1/24*v**4 + 1/120*v**5 + 5*v**2 + 0 + 0*v**3 - 1/720*v**6. Let c(z) be the second derivative of y(z). What is c(1)?
0
Let y(c) be the first derivative of c**3/3 + c**2/2 - 46. Calculate y(0).
0
Let b(f) = 4*f + 1. Let i be b(-1). Let c(h) = 5*h + 6. Let w(g) = 7*g + 8. Let d(t) = 3*c(t) - 2*w(t). Give d(i).
-1
Let d(y) = -y**2 + 7*y + 6. Let h be (8 - -2) + (-1 - 2). Suppose -2*i = 4*p - p - 5, -3*i = 5*p - h. Let x = 2 + i. What is d(x)?
12
Let f(u) be the third derivative of u**4/24 - 8*u**3/3 + 2*u**2 - 9. Determine f(9).
-7
Let j(y) be the first derivative of 1/2*y**2 - 3*y - 24. Determine j(3).
0
Suppose -30*p = -108*p - 312. Let s(c) be the second derivative of -5*c**3/6 - 3*c**2 - c. What is s(p)?
14
Let m(f) = 8*f + 50. Let s be m(-7). Let k(l) = l**3 + 4*l**2 - 7*l + 2. What is k(s)?
-28
Suppose -46 = -3*a - 52. Let r(p) = 13*p + 1. Calculate r(a).
-25
Let r(p) = p**2 + 6*p - 10. Let d be ((-38)/6 - -6)*24. What is r(d)?
6
Let p(f) = 4*f**2 + 7*f - 8. Let t(h) = h**2 + h. Let b(q) = p(q) - 3*t(q). Let v be b(-6). Let m be (-3)/v + 15/(-60). Let o(k) = -8*k. What is o(m)?
8
Let b(v) = -v**2 + 5*v. Let q(u) = 5*u**3 + 6*u**2 - u**3 - 3*u**3 - 8 - 9*u. Let h be q(-7). Suppose g + 2 - h = 0. Give b(g).
4
Let l(k) be the second derivative of -k**5/20 - k**3/6 - k**2/2 - 362*k. Determine l(-1).
1
Let k = 536 + -535. Let b(z) = 3*z**3 - 6*z**3 - 6*z**3 + z**2. What is b(k)?
-8
Let v(a) = 5*a**3 - 3*a**2 + 9*a - 4. Let o(y) = -4*y**3 + 4*y**2 - 9*y + 4. Let l(s) = -6*o(s) - 5*v(s). Give l(-10).
6
Suppose 5*s + 5*y + 40 = 0, -s - 4*y + 5*y = 0. Suppose 0 = -5*c + 9 + 6. Let t(p) = -4 + 2 - 2 - c*p. Give t(s).
8
Let j(m) = m - 1. Let y(d) = -4*d + 20. Let s be y(14). Let c = s - -39. Suppose i - 3*i + 5*h = -6, 0 = c*h. What is j(i)?
2
Let o(l) = -l**3 - 6*l**2 - 5*l - 5. Let r = 233 - 238. Determine o(r).
-5
Let u(t) = -3*t**2 - 2*t - 1. Suppose r - 5*r = 0. Suppose 5*m + c - 15 = r, -m - 15 = -6*m - 2*c. Suppose -f + m = 5. Calculate u(f).
-9
Let q(z) be the first derivative of 1/3*z**3 - 23 + 14*z + 1/2*z**2. Give q(0).
14
Suppose -63 = 120*r - 127*r. Let d(z) = -z**2 + 5*z + 29. What is d(r)?
-7
Suppose 3*p - 2*f - 30 = 0, -18*p - 2*f - 20 = -20*p. Let n(y) be the first derivative of y**4/4 - 11*y**3/3 + 5*y**2 - 3*y - 1. Calculate n(p).
-3
Suppose -4*v - 8 = 20. Let r = v + 6. Let o be 3/(r/4 - -1). Let z(q) = 2*q + 4. Give z(o).
12
Let l(j) = -13*j + 7 + 10*j - 1. Let o be l(-6). Let z = o - 23. Let t(x) = -6*x**3 + x. Determine t(z).
-5
Let a(p) = p**3 + 6*p**2 - 4. Let h(z) = -30*z + 24. Let t be h(1). Give a(t).
-4
Let i(x) be the first derivative of x**3/3 + 2*x**2 - 5*x + 2. Suppose -18*v = 15 + 57. What is i(v)?
-5
Let w(g) = g + 2. Let c be w(-2). Suppose n - 5*n - 5*t - 35 = c, -4*n - t = 23. Let y(x) be the first derivative of x**2/2 + 5*x + 29. Calculate y(n).
0
Let i(w) be the second derivative of -2*w**3/3 + 3*w**2 - 1262*w. Let d be 1/(-3) - 19/(-3). Calculate i(d).
-18
Let z(m) = -m - 3. Let o be z(0). Let y = o + 8. Suppose -y*f = -4*f. Let j(a) = -a**2 + a - 3. Give j(f).
-3
Let w(b) = -b**3 + 3*b**2 + 11*b - 3. Let z be w(5). Let m(x) = -15 + x**z + x + 14*x + 20 - 4*x. Determine m(-4).
-23
Let l = -29 - -32. Suppose -7*j + 3*j = -5*n + 30, l*j + 19 = 2*n. Let h(w) = 12*w - 5. Let f(g) = 8*g - 3. Let x(i) = 8*f(i) - 5*h(i). Calculate x(n).
9
Let l(a) = 79*a**3 - a**2 + a - 1. Let m be l(1). Let t(i) = m + i**2 - 72 - i - 3*i. Calculate t(4).
6
Let f(t) = 2*t - 11. Let u = -93 + 130. Suppose n - 160 = -188. Let h = n + u. Determine f(h).
7
Let v(n) = 4*n - 4. Let f be v(2). Let q be 58*1/f*-2. Let l be q/(-6) - (-2)/12. Let h(t) = -t - 7. Determine h(l).
-12
Let m(h) = h**3 - 6*h**2 + 6*h - 5. Let a be m(5). Let o(w) = -w - 2. Let l be o(-2). Let g(r) = l*r - 3 - r + 3 - 12. What is g(a)?
-12
Let p = -4 + -1. Let d be p/4*(-4)/1. Let h = -1 + d. Let u(x) = x**3 - 5*x**2 + 3*x - 4. Calculate u(h).
-8
Let p(c) = 4*c - 6*c + c**2 + 6*c. Let k be (-5)/(-10) - 3/(-2). Let y = k - 7. Give p(y).
5
Let w be 0 + (5 - 0) + -3. Let b be (-1 + -2)*w/2. Let g(o) = o - 4*o - 7*o**2 + 6*o**2. Calculate g(b).
0
Let l be (0 - -4) + (-1 - 0). Let k be ((1/(-2))/(-1))/(442/7956). Let w(f) = k + l - f - 4. Calculate w(0).
8
Let q(t) = 7*t**2 - t - 1. Let a be 1